 5*k + 35 = -5*q. Let x be (4/(-2))/((-34)/(-1275)). What is the hundreds digit of x/q*(12/(-9) + 4)?
1
Let c = 729 - 723. What is the tens digit of (3033/6)/((-15)/(-30)) - c?
0
What is the units digit of 315/(-189) + (-2506)/(-6)?
6
What is the ten thousands digit of 24/14 + 6780713/301?
2
Let v = 18654 - 4093. What is the hundreds digit of v?
5
Suppose 1859575 = 221*y - 2230030. What is the hundreds digit of y?
5
Let y(t) be the second derivative of -2*t**3/3 + 12*t**2 - 29*t. Let n be y(5). What is the units digit of n + (-167)/(-1) + 3?
4
Suppose 4*o = -x - 254, x - 4*x = -6. Let a = -61 - o. Suppose 0 = v - 0*v + 4, a*q + v - 59 = 0. What is the tens digit of q?
2
Let r = -4443 + 8002. Let s = -1869 + r. What is the tens digit of s?
9
Let k be -10*8/(-100)*5*1. Suppose h = -2*a - 31, 4*a - k*h + 2*h + 66 = 0. What is the tens digit of (131/3)/(a/(-48))?
3
Let d be (4 + -5)/((-1)/(-6)). Let h be 2/(-1)*((-105)/d + 0). Let l = 56 + h. What is the units digit of l?
1
Suppose 28*b - 30773 + 24609 = 79292. What is the units digit of b?
2
Let o(s) = 133*s**2 + 4. Let j be o(-2). Let f = 767 - j. What is the units digit of f?
1
Let g be (-2)/(-1) - 12/3. Suppose 5*m + 60 = c, 6 + 42 = -4*m + 3*c. What is the units digit of 252/27 + (-2)/m*g?
9
Suppose 0 = -62*d - 7*d + 12142 + 1382. Let h(q) = q + 13. Let g be h(-7). Let m = d + g. What is the units digit of m?
2
Let d(g) = -g**2 + 6*g + 9. Let f be d(7). Suppose n + 576 = 3*n - f*a, -4*n = 3*a - 1124. Suppose 8*l - n = 1028. What is the hundreds digit of l?
1
What is the units digit of (-42780)/7*(-60 - -53)?
0
Let n(q) = 52*q. Suppose -7*a + 11*a - 4 = 0. Let k be a + 6 + (-3 - 0). What is the tens digit of n(k)?
0
Suppose 161*o = 166*o - 63630. Suppose -o - 6174 = -27*z. What is the hundreds digit of z?
7
Let v(i) = i. Suppose -4 = -4*s + 2*u, 4*s - 2 = -2*u + 2. Let f(z) = -8*z - 17. Let o(y) = s*f(y) - 2*v(y). What is the hundreds digit of o(-13)?
1
Suppose 6*q - 2*q + 5*c = 40, -4*c = -q - 11. Suppose 0*z + 3*d + 393 = q*z, -4*z + 308 = -4*d. Let t = z + -3. What is the tens digit of t?
7
Let g(u) = u**2 - u. Let i(j) = 5*j**2 - 6*j - 3. Let y(m) = -6*g(m) + i(m). Let x be y(0). What is the tens digit of -1*(-110 - (x - -2)*3)?
0
Let s(w) = 27*w**2 + 31*w + 322. What is the tens digit of s(-38)?
3
Suppose 25*d + 1391970 - 400975 = 72*d. What is the ten thousands digit of d?
2
Suppose -11*b - 5*b - 6*b = 0. Suppose -35*j + 40*j - 280 = b. What is the tens digit of j?
5
Let k = -79 + 79. Suppose 0 = -k*u + 6*u - 1632. Suppose 5*o + 4*i - 217 = 2*o, -i + u = 4*o. What is the tens digit of o?
6
Let q(u) = 2*u**2 - 11*u + 10. Let c be q(5). Suppose 2*v = -3*w + 390, 663 = c*w + 5*v - 6*v. What is the tens digit of w?
3
Let l(z) = -4*z**3 + 393*z**2 + 11*z + 38. What is the units digit of l(98)?
0
Let q(x) = -x**2 - 18*x - 80. Let p be q(-8). Let z(o) be the second derivative of 7*o**3/6 + 36*o**2 + o. What is the units digit of z(p)?
2
Let d(l) = l**3 - 19*l**2 - 9*l - 1. Let y be d(20). Suppose -2*t + 0*t = -b - 13, 0 = -4*t - 5*b + 33. Suppose y = -4*a + t*a. What is the tens digit of a?
7
Let j(k) = -k**2 + 25*k - 101. Let z be j(20). Let s(o) = -1029*o - 25. What is the hundreds digit of s(z)?
0
Suppose 8*w + 161512 = 19*w - 87891. What is the thousands digit of w?
2
Let m = 423 - 408. What is the units digit of 14802/30 + 9/m?
4
Suppose 2*p - 6*x = -5*x + 252, 2*p + 2*x = 240. Let o = 429 - p. What is the hundreds digit of o?
3
Let j = -961 - 11089. Suppose -5*k - 383 = -3*n - 152, -4*k + 5*n - 190 = 0. What is the tens digit of j/k - -1 - (-2)/9?
6
Suppose -4*w + 5*w = 405. Let l = w - 288. Let f = l - 69. What is the units digit of f?
8
Let p be 3/(-15) - (-6633)/15. Let f = -203 + p. Let w = 355 - f. What is the units digit of w?
6
What is the units digit of ((-256563)/(-54) - (3 + -7)) + 1/(-6)?
5
Let n be (6 - 8)*(-6 + 2). Let o be 74/n + (2/(-8))/1. Suppose -598 = -o*c + 392. What is the hundreds digit of c?
1
Suppose -24*c - 30*c - 50067 = -722691. What is the thousands digit of c?
2
Let m = 12103 - -7039. What is the thousands digit of m?
9
Let n(w) = 11650*w + 35 - 23302*w + 11646*w. Let u = -29 - -18. What is the units digit of n(u)?
1
Suppose 4*t - 40204 = -4*i, -189*i + 190*i + 2*t - 10055 = 0. What is the tens digit of i?
4
Suppose 0 = 7*x - 11*x - l + 36952, -4*x + 2*l + 36940 = 0. What is the tens digit of x?
3
Let z be -2 - (-79680)/18 - 2/3. Suppose -z + 164 = -30*i. What is the units digit of i?
2
Let t = -24761 - -43875. What is the thousands digit of t?
9
Let t(w) = -3 + 8 + 4*w + 8 + 6. Let k be t(-6). What is the tens digit of (k/2 - -2)*444/(-1)?
2
Suppose -5*v + 35 = 0, -2*v = -654*g + 657*g - 94844. What is the units digit of g?
0
Let t(w) = -w**3 - 16*w**2 - 22*w - 25. Let p = 539 - 556. What is the tens digit of t(p)?
3
Let k(p) be the third derivative of 119*p**5/60 + p**4/8 + p**3/6 - 4*p**2 + 3*p. What is the units digit of k(2)?
3
Let w(s) = 10*s**2 + 3*s + 8. Let z be 10*1*17/(-34). What is the tens digit of w(z)?
4
Let s = -55875 - -84319. What is the hundreds digit of s?
4
Suppose 4*q + 113 = 137. What is the units digit of (-63 - 3)*q/(-18)*1?
2
Let a(z) = 87*z - 18. Let b be a(2). Suppose b - 937 = -11*x. What is the tens digit of x?
7
Let f(i) = 11*i**3 + 3*i**2 - 8*i - 16. Let l be f(-2). What is the tens digit of (18 + -23)/(2/l)?
9
Let y(o) = 58 + 27*o - 71*o + 5*o + 16*o. What is the units digit of y(-18)?
2
Suppose -3*m - 2*f - 22 = -4*m, 2*m + f - 39 = 0. Let r = 1 + -1. Suppose x - 49 - m = r. What is the tens digit of x?
6
Let g = 2353 + -1449. Let t = g + 257. What is the tens digit of t?
6
Let k be 23958/126 + 3/(-21). Let f = 256 - k. What is the units digit of f?
6
Let n be 1/((-3)/24*-4). Suppose 0 = 3*f + 3*s - 1095, -58 = n*f - 5*s - 809. What is the hundreds digit of f?
3
What is the thousands digit of (-2 - (-72)/42) + 525516/42?
2
Let x(d) = 2*d**2 + d - 29. Let b be 8/4 + 65/(-5). What is the units digit of x(b)?
2
Suppose 0 = -20*p + 4*p + 192. Let y(v) = -v**3 + 16*v**2 - 24*v - 37. What is the units digit of y(p)?
1
Let k(c) = -c**2 - 6*c - 3. Suppose 5*q = -0*q - 25. Let o be k(q). Suppose -o*a = -74 - 122. What is the units digit of a?
8
Let c(f) = -97*f + 14. Let q be c(-7). Suppose 4*t - 4*g - 5148 = 0, 2*g = -2*t + 570 + 1988. Suppose q = 13*o - t. What is the hundreds digit of o?
1
Suppose 15 = 5*y - 2*j, -j + 9 = 3*y - 6*j. Suppose -y*l - l - 20 = 0. Let s(x) = -x**3 - x**2 - 8. What is the tens digit of s(l)?
9
Suppose -5*v - 15 = -b, -4*b = -v - 8*b - 3. Let l = 4 + v. What is the units digit of (30/l)/((-1 - 4) + 6)?
0
Let b = 13590 + -7219. What is the thousands digit of b?
6
Let j = 794 - 224. Suppose 409*c = 406*c + j. What is the units digit of c?
0
Let f(s) = -10*s - 4. Let z be f(-1). Let v(c) = 2*c**2 + 6*c - 54. What is the tens digit of v(z)?
5
Suppose 5*m = 38 + 22. Let v be (-1)/((-3)/m) + -1 + 1. Suppose -13*l = v*l - 1309. What is the tens digit of l?
7
Suppose 3*i - 3*m = -i + 189, 0 = -5*i + 4*m + 235. Suppose 0 = 58*w - i*w - 371. What is the tens digit of w?
5
Suppose 3*j = 9*j - 10*j + 70592. What is the hundreds digit of j?
6
Let u(m) = -m**2 - 33*m + 3. Let y(x) be the first derivative of 2*x**3/3 + 17*x**2 - 3*x + 39. Let f(q) = 3*u(q) + 4*y(q). What is the tens digit of f(-9)?
6
What is the units digit of 262/917 - 69487/(-7)?
7
Let h(c) = 64*c**2 + 39*c - 13. What is the units digit of h(-7)?
0
Let l(f) = 128*f - 2318. What is the hundreds digit of l(63)?
7
Let m(i) = -39 - 58 - 39 + 281*i + 118. What is the hundreds digit of m(1)?
2
Let p(y) = 114*y + 34. Let h be ((-1)/(-1) - (-8 + 8)) + 3. Let q be p(h). Suppose 4*m = 3*v - 568, 5*v - 4*m - 470 = q. What is the units digit of v?
6
Suppose 3*t + a - 691 = 0, 3*t - 5*a + 169 - 854 = 0. Suppose -t - 142 = 6*i. Let d = i - -171. What is the hundreds digit of d?
1
Let n(q) = -106*q - 142. Let s(d) = -35*d - 47. Let v(b) = -3*n(b) + 8*s(b). Let t be v(10). Suppose 5*u = 0, -2*r - 3*r = 4*u - t. What is the tens digit of r?
8
Suppose 0 = 4*h - 2*d - 4, h = 5*h + 2*d - 20. Suppose -z + 1001 = m - h*z, -6*z - 4004 = -4*m. What is the hundreds digit of m?
0
Let v be (-6 + -2 - 3)*4/(-2). What is the units digit of 294/77 + 4/v?
4
Let r = 13851 - -480